 of ((-20 - -9) + -2 - 1) + (0 - -1)?
-13
Calculate -40 + 25 + (5 - -24).
14
What is the value of -127 + 131 + 0 + 0?
4
What is the value of (35 - -15 - 21) + -45?
-16
Evaluate 38 - (-25 + (4 - -39)).
20
Evaluate 3 - (-9 + 8 + -2 - -4).
2
What is the value of (9 - (5 + -4)) + -19 + 12?
1
What is -5 + (3 - 3) + -7 + 7 + 0?
-5
What is the value of (1 - (-12 + -1)) + (1513 - 1522)?
5
Calculate -7 - (-12 - (1 - -2)).
8
What is -13 + 1 + -1 + 9 + (-6 - -5)?
-5
-3 - (0 + (-7 - -5)) - (1 + 1)
-3
What is the value of -17 - (0 + (-12 - (-15 + 5 + 4)))?
-11
-23 + 1 - -8 - -4
-10
Evaluate 6 + 24 + -18 + -11.
1
Calculate 2090 + -2124 + 40 + 1.
7
Evaluate (-3 - 0) + 282 + -284.
-5
What is 1 + 13 + -11 + 10 + -1?
12
What is -10 - ((5 - -10) + -4 + -7)?
-14
What is (0 - -19) + (-31 - -51 - 26) - 4?
9
3 - (6 + -3) - (3 - 0 - -7)
-10
Calculate 7 - (12 + -6 + 1).
0
Calculate 3 + (19 - 2) + -8 - 3.
9
Calculate 15 + -11 - (-11 - -25).
-10
Evaluate -1023 + 1052 - (1 + 3 + -1) - 2.
24
Calculate 7 + -4 + (3 - 1) + 1.
6
-7 + 4 - 7 - (1 - 0)
-11
Calculate (-6 + -10 - 1) + (11 - 5).
-11
(-31 + 34 - (3 - (13 + -3))) + 16
26
Calculate -11 + (3 - 5) + (-6 - 0) + 9.
-10
Calculate 14 - (31 - -18) - -21.
-14
What is 9 - (1 - 2) - (34 - 39)?
15
15 + (0 - (7 + 7)) + -25
-24
What is 37 - 14 - 28 - (1 + -7 + 2)?
-1
Evaluate 4 + (6 - -19) - 4.
25
What is the value of 13 - ((13 - 1) + -16 + 23)?
-6
What is the value of -150 - -142 - (-1 - 4 - (0 + 0))?
-3
What is 13 + -49 + 35 + 1 + 16?
16
What is -9 - ((-4 - 13) + -3)?
11
Evaluate 8 - ((133 - 139) + 0 + 0 + 20).
-6
Evaluate -6 - (6 + 3 + 3 + (5 - 20)).
-3
What is the value of 11 + -7 - (5 + 30) - (-7 - 0)?
-24
-7 + 33 + -16 - (26 - -1)
-17
Evaluate -5 + (1 + (14 - -5) - 4 - 5).
6
What is 2 - -5 - (-31 - -21)?
17
-13 + (-37 - -62) + 4
16
Evaluate -119 + 124 - (-1 - -11).
-5
7 + -15 + 12 - (-6 + 18)
-8
What is the value of -2 + 6 - -2 - (0 - -12 - 0)?
-6
What is the value of 17 + 12 + -21 + 7?
15
-4 + (-24 - -22 - (7 - (-2 + 5)))
-10
-9 - (-1 + (-8 - (8 + -19)))
-11
What is (-2 + 1 + 4 - 8) + (1 - -4)?
0
3 + -3 - 20 - 8
-28
What is the value of 0 - 18 - (-15 - -13 - 8)?
-8
Calculate 10 + 2 - (31 - 17).
-2
Calculate -3 - 3 - (5 + -6) - -3 - -5.
3
-7 + (56 - 52 - (-2 - 9 - 1))
9
Calculate -21 + -1 - (-278 + 260).
-4
Calculate -6 + 12 - (-11 + 32 + 8).
-23
Evaluate (3 - 42) + (21 - 15) - -13.
-20
Calculate 1 - 1 - (2 - (16 + -17)).
-3
Calculate (156 - 160) + (-1 + 2 + -2 - -3).
-2
Evaluate 11 + (-13 - -10) + -9 - 12.
-13
What is 16 - ((0 - -28) + 3)?
-15
What is the value of (4 - 1) + -6 - 3?
-6
What is the value of 21 + 17 + 9 + -54?
-7
-7 + (80 - 25) - 21
27
(-13 - -11) + (3 - 0)
1
What is 2 - (13 - 15) - (17 + 1 + -4)?
-10
What is the value of 6 + (2 - 0) + -672 + 666 + 6?
8
Evaluate (6 + -4 - 0) + (7 - 6) - -12.
15
Evaluate 2 + 0 + (27 - 36) + (-1 - 4).
-12
Evaluate 1 - (0 - -6) - (-28 - -55).
-32
Calculate -4 + (-5 - 3 - -6) - (0 - -2).
-8
What is 26 + -9 + -2 + -12?
3
-20 - -37 - 18 - (3 - (0 + 2))
-2
What is (4 - 3 - (-10 + 17)) + 3 - 5?
-8
What is the value of (-5 - 2) + (0 - (6 - 14)) + -4?
-3
What is 8 + -1 + -42 + 31 + 17?
13
What is (13 - 31) + 12 - 5?
-11
What is -2 - (-12 + -4 + (2 - (5 + 0)))?
17
Calculate 6 + (4 - (-10 - -17)).
3
Calculate -4 - (-11 + 6 - -9 - (0 - -7)).
-1
-19 + 14 - 6 - 9
-20
(29 - 26 - (-1 - 2)) + -19 + -1
-14
2 + -21 + -71 + 91
1
What is (-22 + 1 - 1) + 5 + 13 + -29?
-33
What is -12 + -4 + 5 + -3 + 8?
-6
What is the value of 8 - ((1 + 6 - (-7 + 18)) + 13)?
-1
Calculate -8 + (-16 - (-13 - 7)).
-4
Calculate 8 + -32 - -23 - 2.
-3
What is the value of 7 - (0 + 3) - ((6 - 0) + 2)?
-4
0 + (6 - 7 - 7) - 2
-10
Calculate (-2 - 1 - 2) + 0 + 12 + -1.
6
What is (21 - 37) + (-5 - -1)?
-20
(13 - 6) + -9 + (-8 - -12) + -1
1
Evaluate 15 + -10 - (12 - 2) - -20 - -2.
17
What is the value of -9 + (-20 - (-46 + 19))?
-2
Evaluate 1 + -5 + -11 + 21 + 2 + -12.
-4
Evaluate (9 - (10 + -3 - -8)) + 5.
-1
Evaluate (4 - (-10 + 8)) + 3.
9
Evaluate 5 + (-18 - -6) - (-2 - -5).
-10
Evaluate -4 + (-26 - (-4 - (13 - 4))).
-17
What is 0 - (5 - ((0 - (6 + -13)) + 3))?
5
19 + -22 + (7 - -1)
5
Evaluate 8 + -34 + 4 + 10.
-12
What is the value of -18 + (-8 - (0 + -18 + 1)) - 4?
-13
11 + -5 - 2 - 2
2
What is the value of 1 + (-3 - (-7 + 0)) - 3?
2
-61 + 45 - (1 - 8)
-9
-154 + 159 - (20 + (-2 - -1) + 3)
-17
-33 + 34 - (20 + 4)
-23
Calculate 4 - (0 - 2 - -4) - (-3 - -20).
-15
What is (0 - 7) + 2 - (154 - 164)?
5
Evaluate -28 + 11 - -18 - (2 + 1).
-2
Evaluate -32 + (-23 + -3 - -58).
0
-27 - (-21 + -4) - (-2 + -2)
2
32 - (3 + 0) - (73 + -59)
15
Evaluate (24 - (7 + -1)) + (-21 - -17).
14
What is 6 + (-5 - 4) + -3 + -7?
-13
Evaluate 2 + -3 - (160 + -194) - (0 - -6).
27
What is the value of (5 - (42 - 17)) + (-1 - -8)?
-13
4 - (-16 + 4 + 6 + 29)
-19
7 + 1 + 10 + -20 + -10
-12
What is 3 - (-9 - (-11 - -4))?
5
What is the value of 24 - (6 + 10 + 0)?
8
What is the value of 11 + 1 + 2 + -11 - 8?
-5
What is the value of (-1 - 22) + (21 - -18)?
16
(9 - (-3 - -4)) + -3 - (-24 - -16)
13
Evaluate -1 + 1 - ((39 - 25) + (-14 - -27)).
-27
-27 + 15 + 17 - (2 - -1 - 6)
8
Calculate -12 + 7 - (6 - 2) - -3.
-6
What is (-358 - -357) + (10 - 2)?
7
What is -4 + (4 - (27 - 5))?
-22
Calculate 17 - ((11 - 1) + -10).
17
Evaluate -89 + 79 + (0 - -5) - 3.
-8
Evaluate 13 - (11 - (6 - 4)).
4
What is 1 - -1 - 3 - (-90 + 67)?
22
Calculate 7 + 1 - (-21 + 0 + 11 - -11).
7
Evaluate (-14 - 2) + -10 + 30.
4
0 + 5 - (1 + -1) - 10
-5
(35 + -30 - (0 - 0)) + -1 + -13
-9
Evaluate (-3 - -3) + -20 - (8 - 16) - -2.
-10
What is the value of -1 - -3 - (7 - -1) - (12 - 1)?
-17
Evaluate 0 - (13 - (-4 + (-9 - -17))).
-9
Evaluate -18 - (-11 + (-21 - 1)).
15
What is -10 + 18 + (-8 - -17)?
17
What is the value of 105 + -110 + (10 - 5)?
0
Evaluate -235 - -242 - (-15 - (-1 + -2)).
19
What is the value of -6 + (-9 - -9) + 1 + (1 - -1)?
-3
(-6 - (-5 + 9) - 3) + 1
-12
6 + (-12 - (4 + 13)) - 2
-25
Evaluate (325 - 367) + (43 - 2).
-1
(3 - -1) + -174 + 183
13
Calculate 14 + 3 + (-7 + (6 - 3) - 5).
8
Calculate 12 + 2 - (124 - 113).
3
Evaluate 19 + -17 + 38 + -61.
-21
16 + -11 - (6 + 0 - -5)
-6
Evaluate -40 + 47 + (4 - 1) - -4.
14
Evaluate (0 + -10 - (-112 + 88)) + 1.
15
What is the value of (-1 + 7 + (-9 - -4) - 1) + 17?
17
What is (10 - ((-6 - -2) + 5)) + -4 - -14?
19
What is the value of -1 - (12 - (-16 + 55 + -14))?
12
Evaluate (-3 - (5 - 8) - -3) + -8.
-5
Calculate -12 + (1 - -10) + 0.
-1
What is the value of -21 + -10 + 1 + 16 + -13 + 7?
-20
What is -7 - (50 + (-26 - 7))?
-24
Evaluate 18 + (20 - 49) + 0.
-11
Evaluate 1 + 3 + (224 - 241).
-13
Calculate (1 - (4 + -13) - 4) + 4.
10
What is (2 - (13 - (-2 - (3 - 9)))) + -11?
-18
(4 - -6) + 7 + -9 + -8
0
-226 - -207 - (0 + 1)
-20
What is the value of (15 - (-17 + 25)) + (-2 - 0 - -6)?
11
What is -15 - (0 + (9 - (10 + -18 - -12)))?
-20
Evaluate (1 - 4) + (39 - 41).
-5
-6 + 3 + -5 - -19
11
Evaluate (-108 - -112) + 9 + 2 + 1.
16
Evaluate (4 + 4 - 4) + -8 + 16.
12
19 - 3 - 9 - 10
-3
What is -1 + -10 + -1 + (184 - 152)?
20
Calculate 33 + -14 + 4 + 2 + -22.
3
What is the value of -12 + (23 - 5) + (-15 - (-1 - -1))?
-9
-19 + (18 - 10) - -20
9
What is -1 - (6 + -6 - 0) - (4 - 16)?
11
What is -10 - -1 - -29 - (2 + 5)?
13
What is 20 - 5 - 6 - (13 - -3)?
-7
3 - -1 - (755 - 760)
9
Evaluate (-1 - 10) + 2 + 10.
1
What is 36 + -1 + -33 + 27?
29
Evaluate -14 - (-28 - (18 + -16)).
16
What is the value of (0 - -5) + -27 + 26 + 8 + -7?
5
Calculate -1 + 1 + -7 + -485 + 487.
-5
What is (-6 + 15 - 37) + -2?
-30
What is the value of (-3 - 1) + 6 + -11 + -1?
-10
Evaluate (-1 + 1 - -2) + -1387 + 1374.
-11
What is 23 - ((-27 - -102) + -26)?
-26
(4 - 7) + -1 - 2 - -5 - 0
-1
(-16 - -2) + (-130 - -148)
4
What is 3 - -6 - ((76 - 34) + -31)?
-2
Calculate -1 + 9 + 9 + -2 + -19.
-4
What is the value of (-20 - 6) + 29 + -26?
-23
What is the value of (-14 - (-10 - 15)) + -24?
-13
14 - (16 + (7 - 23)) - (-2 - -1)
15
Evaluate -5 + 9 - -10 - (-1 - -5 - -3).
7
What is 7 + -22 + (-8 - -19)?
-4
(-70 - -64) + (4 - -2) + -1
-1
Evaluate -12 + (-4 - 3 - -15).
-4
Calculate 25 - (0 - (-30 - -44)).
39
Evaluate -2 - 2 - (-24 + (-11 - -40)).
-9
Evaluate 0 - (-8 - (13 - (12 + -4))).
13
Calculate 4 + -3 + (-10 - 7) + 11 - 15.
-20
Calculate 2 + (22 - (7 + -2) - 1 - 1).
17
Calculate 9 + (-1 - (22 + -23)